 is c(3)?
23
Let x(k) = -2*k + k**3 + 16 - 4*k**2 - 18 - 2*k**3. Calculate x(-2).
-6
Let n(t) be the third derivative of -t**4/6 - t**3/6 + 4*t**2. Determine n(-1).
3
Suppose o + 5*v = 3*v - 14, 4*o = 2*v - 6. Let f be (2 + (-26)/8)*o. Let t(x) = -6*x + 2. Let q(k) = -5*k + 3. Let u(g) = 5*q(g) - 4*t(g). Calculate u(f).
2
Let o(c) = c. Suppose 5*b - 2*b - 3 = 0. Let d be (-17)/(-5) - 6/15. Suppose -11 = -d*k + b. Calculate o(k).
4
Let a(h) = 2*h**3 + 3*h**2 + 2*h - 1. Let c = 12 - 8. Suppose -c = -4*j - 12. Give a(j).
-9
Let q(x) = 8*x. Let p = -6 - -8. Give q(p).
16
Let t(p) = 5*p + 1. Let b be t(-1). Let a be (1 + -6)*(3 + b). Let o(q) = q**2 - 5*q - 4. What is o(a)?
-4
Let l(j) be the first derivative of -5*j**2/2 - j + 1. Let y be l(-1). Let w(r) = r**2 - 4*r - 1. Calculate w(y).
-1
Let a(z) = -z**3 + 7*z**2 - 6*z - 4. Let n be 14/2 - (-4)/(-2). What is a(n)?
16
Let k be ((2 + -2)/2)/(-2). Suppose 0*p + 3*p = k. Let y(w) = -w**3 + w - 2*w + 21*w**2 - 21*w**2 - 1. Calculate y(p).
-1
Let l(t) = 6*t + 1. Let k(m) = -m + 1. Let i be k(3). Give l(i).
-11
Let m(v) = -v - 1. Let y be m(-3). Suppose x + 4*t - y*t + 1 = 0, -2*t + 8 = 4*x. Let s(z) be the first derivative of z**3/3 - z**2 - 3*z - 1. Give s(x).
0
Let r(g) = -2 + 3 + 0*g + g**2 - g. Suppose -x + 0 + 6 = -2*z, z + 2*x - 2 = 0. What is r(z)?
7
Let d(m) = -8*m**2. Suppose -2*g + 11 = -u, -5*g + 19 = -3*u - 11. Suppose 3*i - 15 = 3*s, 5*i - 13 = -g*s + 4. Determine d(s).
-8
Let v = -5 + 8. Suppose 5*o + 8 = 9*o. Let p(j) = -4 - j - o*j + 3*j - v*j. Calculate p(-3).
5
Let y be (-9)/(-12) - 147/(-28). Let d(x) = 3*x - 8. What is d(y)?
10
Let z(j) = -j**2 - 5*j - 7. Let k = 17 - 22. Give z(k).
-7
Let t(m) = m**2 - m - 3. Let c = 6 + -6. Suppose c = -6*a + a. Calculate t(a).
-3
Let o(s) be the third derivative of 1/6*s**3 + 0 + 5*s**2 + 0*s + 1/24*s**4. Calculate o(-1).
0
Let f(c) = -c + 6. Suppose -7*i + 5 = -37. Determine f(i).
0
Let w(y) = 3*y + 2. Let c(i) = -i**3 - 14*i**2 + 1. Let j be c(-14). Determine w(j).
5
Let d(k) = -k - 4. Let q be d(-8). Let c(u) = u**2 - 3*u + 3. Let m(o) = -3*o**2 + 9*o - 8. Let l(r) = -17*c(r) - 6*m(r). What is l(q)?
1
Let u = -1 - 2. Let p(s) be the second derivative of s**3/6 + s**2/2 - 27*s. What is p(u)?
-2
Let y(d) = -d**2 - 8*d + 12. Let n be y(-9). Let q(s) = 2 - 3*s**2 - 2*s**3 - 2*s + 0*s**3 + n*s**3. Determine q(3).
-4
Let v = 1 - -4. Let q be (-224)/(-40) - (-6)/(-10). Suppose -q*h = -v*l, 3*l + 4*h - 23 = 12. Let x(b) = b + 2. Calculate x(l).
7
Let f(k) = -12*k**2 + 2*k - 1. Suppose -4*z + 5*z - 3 = 0. Suppose -2*p = -g + 3, -g - 5*p = z + 1. Calculate f(g).
-11
Let r(d) = d + 16. Let p be r(-14). Let w(k) = k - 4 - p + 0*k. Calculate w(-5).
-11
Suppose -3*b = 2*b - 30. Let h(x) = x + 0*x + x**2 + b - 1 - 9*x. Calculate h(5).
-10
Let k(f) = 4*f + 5. Let t(j) = -3*j - 4. Let q(c) = 5*k(c) + 6*t(c). Suppose 4 = v + 1. Suppose 3*n + 21 = v*b, 2*n + 23 = b + 4*b. Calculate q(n).
-7
Let r(w) = w**3 - 3*w**2 + 2*w + 3. Let j be (3 - 2)*(4 + -1). Determine r(j).
9
Let i(f) = 3 + 9*f**2 + 2*f**3 - 3*f**3 - 13*f**2. Give i(-4).
3
Let x(b) = 2*b + 20. Let z be x(-10). Let q(p) = 5*p**3 - p**2 - p + 3. Let v(i) = -14*i**3 + 3*i**2 + 3*i - 9. Let u(f) = -17*q(f) - 6*v(f). Give u(z).
3
Let r(z) = z + 0*z**2 - 2 + z**2 + 3 - z**3. Suppose 36 = -t - t. Let s be (-32)/t + 2/9. Give r(s).
-1
Let f be (1 - (-88)/28) + (-4)/28. Let y(j) be the first derivative of 5/2*j**2 + f*j + 1/4*j**4 + 5/3*j**3 + 4. Give y(-4).
0
Let a(r) = r - 4. Let w = 0 - 0. Calculate a(w).
-4
Let r(n) = n - 10. Let p = 8 - 0. Determine r(p).
-2
Suppose w + 0*w = -1. Let k be (-6)/18*(-14 + w). Let t(u) = u**2 - 7*u + 4. What is t(k)?
-6
Let c(m) = -m**2 - 4*m + 4. Let q be c(-4). Let h(p) = p**2 - 3*p + 3. Let r be h(3). Let z(b) = -7*b**2 + 5*b + 3*b**2 - r - b**2 + b**3. Calculate z(q).
1
Let m = 2 - -1. Let f(t) = t**2 - 4. Let o be f(m). Suppose -2*y = -4*x - 2 - 6, o*y - 10 = 5*x. Let p(w) = -w**3 - 2*w**2 - 4*w - 3. What is p(x)?
5
Let f(p) be the first derivative of -1 + 0*p**2 + 0*p**3 + 0*p + 1/2*p**4. Calculate f(-1).
-2
Let w(j) be the third derivative of 0 - 1/60*j**5 - j**2 + 1/6*j**3 + 0*j - 1/12*j**4. Determine w(-3).
-2
Let b(o) = 1310*o**2 - 1301*o**2 - 6 - o**3 + 3*o - 3*o. Give b(9).
-6
Suppose 2*u + 3*u = 0. Let s = u - 0. Let w(o) = o**2 + o - 4. Calculate w(s).
-4
Let g(j) = j + 1. Let m = 11 + -11. Suppose w - 3*p + m = -8, 3*p = -4*w + 28. What is g(w)?
5
Let h(f) = f**3 + 7*f**2 - 7*f + 10. Suppose -4*j = -j + 24. Let x be h(j). Let r(g) = g - 4. Determine r(x).
-2
Suppose 10*h = -17 + 77. Let c(p) be the first derivative of -p**3/6 - p + 1. Let d(i) be the first derivative of c(i). Calculate d(h).
-6
Let n(j) = 2*j + 7. Let q = -22 - -15. Let o be n(q). Let r(i) = i - 1. Give r(o).
-8
Let r(i) = -i**2 - 6*i + 4. Let z = 55 + -61. Calculate r(z).
4
Suppose a + 0 - 2 = 0. Let w(x) = 5*x + 3 + a*x - 4*x. Calculate w(-2).
-3
Let o(x) = -10*x**2 + 12*x - 1. Let d(k) = 3*k**2 - 4*k. Let j(n) = -7*d(n) - 2*o(n). What is j(6)?
-10
Let t be ((-14)/3)/((-12)/(-18)). Let i(c) = c**2 + 6*c - 9. Calculate i(t).
-2
Let r(v) = v**3 + 6*v**2 + v + 5. Suppose -12 = 2*i - 0*i. Calculate r(i).
-1
Let w = 2 - 0. Let d(z) = 3*z - 1. Determine d(w).
5
Let y(f) be the second derivative of f**3/3 + f**2/2 - f. Let o be y(1). Let q(k) = k**3 - 2*k**2 + 12 - 2*k**2 - 11 - k. Calculate q(o).
-11
Suppose 0 = -4*j - 2*m + 52, 56 = -0*j + 4*j + 4*m. Suppose -13*o + 16*o = j. Let g(n) = -n**2 + 2*n - 1. Give g(o).
-9
Let s(d) = 5*d - 6. Suppose 0*r = -3*r - 33. Let v(b) = -b**3 + 9*b - 11. Let y(i) = r*s(i) + 6*v(i). Calculate y(1).
-7
Let i be ((-14)/(-70))/(3/(-5))*-15. Let p(o) = o**2 - 5*o - 3. Determine p(i).
-3
Let n(x) = -8*x**2 - 8*x**2 - 9*x**2 + 20*x**2. Suppose -l + 4*r = -0*l + 5, -5*r + 5 = 0. What is n(l)?
-5
Let g(v) be the first derivative of 3*v**4/2 + v**3/3 - v + 4. What is g(-1)?
-6
Let d(m) = -m**2 + 10*m - 4. Let i be d(9). Let b(p) = -p - 4 + i - 7*p. Let v be -2 - (0 - 3 - 0). Give b(v).
-7
Let y(j) be the second derivative of 0 - 1/2*j**2 - 1/3*j**3 + 7*j. Determine y(6).
-13
Let w(t) = 2*t - 1. Let v be -9*2/(-4)*16/(-12). Give w(v).
-13
Let t = -2 - -3. Let m be t*((1 - 1) + 3). Suppose 0 = -2*r + 2*k + 8 + 2, -m*k + 5 = r. Let u(l) = -l**2 + 5*l + 2. Determine u(r).
2
Let l(h) = 3*h + h - 5*h + 5*h. Suppose 3*m - 5*m = -2. Determine l(m).
4
Let s(u) = -u**3 + u - 2. Suppose w = 3*w. Calculate s(w).
-2
Let d(j) be the first derivative of 1/2*j**4 + 0*j + 8 + j**3 + j**2. Calculate d(-2).
-8
Suppose 0 = 5*f + j - 31, -2*f = 3*j - 11 - 4. Let x(y) be the first derivative of y**4/4 - 2*y**3 - y**2/2 - y - 7. Determine x(f).
-7
Suppose 3*a - 12 = -a. Let q(i) = i**3 - 3*i**2 - 1. Determine q(a).
-1
Suppose -4*o + 23 = 3*j, -4*o + 24 = -2*o + 4*j. Suppose 0 = -w - n + 2*n + 3, -o*w - 14 = 3*n. Let t(b) = 6*b - 1. Calculate t(w).
-7
Suppose 8 = -0*x + 3*x - i, -4*x = -5*i - 7. Let w(v) = -v**2 + x*v**2 - 1 - 4*v**3 + 3*v**3 - 2*v + 2*v**2. Determine w(3).
2
Let w(p) = -p**3 - 2*p**2 + p - 2. Let g = -17 - -32. Let m be (g/10)/(6/(-8)). Determine w(m).
-4
Let o(w) = -w**3 - 6*w**2 - 4*w. Let r = -22 + 7. Let c = r + 10. Determine o(c).
-5
Let k(v) be the first derivative of v**4/4 - 2*v**3 - 9*v**2/2 + 8*v + 3. Give k(7).
-6
Let a = -1 + 0. Let c(t) be the second derivative of 3*t**5/20 + t**4/12 + 9*t. Give c(a).
-2
Let k(s) be the third derivative of s**6/120 + s**5/15 - s**4/24 - 2*s**2. Let c be (-2 - 0)/(2/4). Calculate k(c).
4
Suppose 0 = 3*z + 2*b + 3, 5*b + 2 - 5 = 3*z. Let y(g) be the second derivative of -2*g**3/3 - 2*g. Calculate y(z).
4
Suppose 4*u - 11 = 1, -2*y + 27 = u. Suppose 0 = -4*x + 5*x - 3*b + y, -b = -2. Let l(o) = o + 6. Give l(x).
0
Let c(g) = -3*g**2 - g. Let z = -2 + 0. Let r(k) = -7*k**2 - 2*k - 1. Let q(a) = z*r(a) + 5*c(a). Suppose 4*u = -20, 12 = m + 3*m - 4*u. Calculate q(m).
0
Suppose 0 = -2*m + t, -3*t = -7*m + 3*m. Let u be m/(1/((-2)/4)). Let c(v) = -v**2 + u + 7*v + 2 + 1 - 5. Calculate c(5).
8
Let k(q) = 12*q**3. Let f be 9/(-3)*1*(-2)/6. What is k(f)?
12
Let v(l) = -8*l - 1. Let b = -7 + 8. Suppose -3*p + 8 = 4*a, -2*p - b = 4*a - 5. Give v(a).
7
Let w(g) = -3*g**2 - 2*g + 4. Let b(c) = -16*c**2 - 11*c + 21. Let z(q) = -2*b(q) + 11